
Let f = 7230 + -7204. What is the remainder when 880 is divided by f?
22
Let f = 496 + -228. Let p = 388 - f. Suppose -5*v = u - 42, -2*u + 0*u + 2*v = -p. Calculate the remainder when u is divided by 6.
3
Suppose 12 = 119*y - 122*y. Calculate the remainder when 14 is divided by ((-9)/y)/(30/80).
2
Suppose -18*f - 31 = -y - 19*f, 0 = 3*y - 5*f - 125. What is the remainder when 559 is divided by y?
34
Let j = 4 - 1. Suppose 5*g = j*g + 4. Suppose 0 = g*s + u - 6*u - 60, 150 = 5*s - u. Calculate the remainder when 116 is divided by s.
26
Suppose 4*o = 8*o - 712. Let r = 3217 + -3191. What is the remainder when o is divided by r?
22
Let h = 10952 - 10792. Let q(i) = 3*i**3 + 3*i**2 - 2*i + 1. Calculate the remainder when h is divided by q(2).
28
Let l be 12*((-3)/(-2) + -2). Let n be 0/((6/(-12))/((-3)/l)). Suppose -9*c + 12*c - 231 = n. What is the remainder when c is divided by 20?
17
Let n be 14/(-4)*(-88)/14. Suppose 0 = -n*u + 18*u + 144. Suppose 2*r - u = -12. Calculate the remainder when 57 is divided by r.
9
Let p be (36/33)/6 + 200/(-11). Suppose 3*h + 6 - 36 = 0. What is the remainder when (-4)/p + ((-2015)/(-45) - 9) is divided by h?
6
Suppose -5*w = -2*q - 56, -w + 54 = 3*w + 3*q. Suppose w*l + 33 = -39. Let t(h) = -13*h - 56. What is the remainder when 42 is divided by t(l)?
20
Let c = 148 + -9. Calculate the remainder when c is divided by 81.
58
Suppose 15*z - 1630 = -9*z + 1610. What is the remainder when 18494 is divided by z?
134
Suppose 14*c - 12*c = 44. Suppose -c*u + 24 = -16*u. Suppose 150 = 19*o - u*o. Calculate the remainder when 77 is divided by o.
7
Let j = -9044 - -9094. Let r be ((-6)/(-4))/(9/18). Suppose 0 = r*k - 9 - 69. What is the remainder when j is divided by k?
24
Let z(b) = 20*b**2 + 11*b - 25. Let j be z(3). Suppose -4*n + 5*l = -j, 0 = -l - 7 + 3. Calculate the remainder when 166 is divided by n.
40
Suppose -5*x = -5*d + 125, 5*x + d + 46 = -49. Suppose -3*k + 2*m = -33 + 239, -3*m = 6. Let l = x - k. Calculate the remainder when l is divided by 14.
8
Let g(t) = -38*t - 98. Let r be g(-4). Calculate the remainder when 165 is divided by ((-180)/r + (-4)/(-3))*-26.
9
Let c = -2656 + 3310. Calculate the remainder when c is divided by 35.
24
Suppose -4*n - l + 27 = 0, 0*l = 2*n + 2*l - 12. Suppose -71 = 4*h + 5*r, -2*r = -n*h + 4*h - 36. Calculate the remainder when 42 is divided by 2/h + 192/21.
6
Let r = 201 - -71. Suppose 2*i + 3*i - k = 310, -4*k = 4*i - r. Suppose b = 4*b + 5*q - 18, b + 5*q = -4. Calculate the remainder when i is divided by b.
8
Let t = -409 - -494. Suppose -t*b + 72 = -73*b. What is the remainder when 27 is divided by b?
3
Suppose 2443*u = 2466*u - 276. Calculate the remainder when 731 is divided by u.
11
Suppose 1804 - 36 = 16*o + 4*k, -153 = -o + 4*k. Suppose v - 42 + 9 = -3*w, v - 31 = -w. Calculate the remainder when o is divided by v.
23
Suppose -12*v + 9177 = 7*v. Calculate the remainder when v is divided by 130.
93
Suppose 60 = 14*h - 0*h - 94. Calculate the remainder when 48 is divided by h.
4
Suppose -170 = -82*s + 80*s - j, -s - 4*j = -92. What is the remainder when 3*251*(-16)/(-48) is divided by s?
83
Suppose 3*s + 2*m + 18 = -m, s + 5*m + 26 = 0. Let w(y) = 29 - 45 - 11 + 3*y + 29 + 82*y**2. Calculate the remainder when w(s) is divided by 21.
18
Let v = -125 - -47. Let o = v + 110. Suppose 784 = 5*z + 2*a, -z + 155 = -14347*a + 14348*a. What is the remainder when z is divided by o?
30
Let t be (20 - 5)/(1/((-6)/(-2))). Suppose 5*r + 34 = 2*b, t - 6 = 5*b - r. What is the remainder when 95 is divided by b?
4
Suppose -342 + 86 = -4*u. Suppose 0 = 23*s - 540*s + 8789. Calculate the remainder when u is divided by s.
13
Let k(y) = 2*y**3 + 304*y**2 + 300*y - 169. Calculate the remainder when 556 is divided by k(-151).
24
Let r be ((-9)/(-4))/((-54)/(-24) - 2). Suppose -5*d - 339 = -2*b, -5*b - 693 = -r*b + 5*d. Let z = b - 115. Calculate the remainder when z is divided by 17.
11
Suppose 11*g = 115731 - 9823. What is the remainder when g is divided by 90?
88
Suppose -59*q - 40 = -64*q. Let c = -512 + 327. Let x = c - -280. Calculate the remainder when x is divided by q.
7
Suppose 5*c = 4*t - 134, -4*t = -2*c - 82 - 58. What is the remainder when 1027 is divided by t?
19
Let t(o) = o - 47. Let f be t(17). Let m = f - -78. Suppose 5*n + m = 133. What is the remainder when 40 is divided by n?
6
Let q(p) = 7*p + 19. Let h be q(-3). Let j be (30*(-12)/18)/(h/1). Suppose -10*d + 5*d = -j. Calculate the remainder when 6 is divided by d.
0
Suppose 0 = 5*u + 7*l - 4*l - 740, u - 140 = l. Let i = -206 + 231. What is the remainder when u is divided by i?
20
Suppose -5*a + 4*x = -12, 5*a + 6 = -21*x + 19*x. Suppose 15*l - 6*l - 3429 = a. What is the remainder when l is divided by 32?
29
Let l be -5 - (4 + 108/(-3)). Calculate the remainder when 135 is divided by (15/(-1))/(l/(-126)).
65
Let f = 121 + -51. Let w be -5*(-4)/f - (-27)/(-21). What is the remainder when 131 is divided by (4/8)/(67/(-68) - w)?
29
Let w = -3314 - -3335. Calculate the remainder when 1931 is divided by w.
20
Let v(t) = 40*t**2 + 3*t - 4. Calculate the remainder when v(4) is divided by (22 - (-938)/(-42))*-39*1.
11
Let c(s) = 4*s**2 - 3*s - 11. Suppose 0 = 4*m - 2*z + 4, 0*z - 16 = 4*m + 4*z. What is the remainder when c(m) is divided by 7?
4
Suppose 29*i - 32*i + 54 = 0. Suppose -3*q + 4 = 19. Calculate the remainder when (-376)/(-11) - (-2)/55*q is divided by i.
16
Suppose 0*q + 5*q = 155. Let u = q - -98. Let j = 10381 + -10355. What is the remainder when u is divided by j?
25
Let y(o) = -5*o + 15. Let b = -2200 - -3157. Calculate the remainder when b is divided by y(-1).
17
Let j be (4/(8/(-6)))/((-9)/174). Suppose -5*a = -j + 53. What is the remainder when 26 is divided by ((-7)/(-2))/(a/(8/4))?
5
Let r(f) = 3*f**2 - 60*f + 307. Calculate the remainder when 196 is divided by r(7).
26
Suppose 2*l - 4*l + 6 = 0, 11 = 4*j - 3*l. Let v = -1660 + 1704. What is the remainder when v is divided by j?
4
Calculate the remainder when 2538 is divided by -14 + 30 + -24 + 41*1.
30
Let w be (-2 + 2)/(-17 - -18). Suppose w*h - 3*v = 2*h - 254, 4*h - 5*v - 508 = 0. Calculate the remainder when h is divided by 26.
23
Let k be (-6)/(2/1) + 53. Suppose -z = -2*z + k. Suppose -954 - 2473 = -23*q. Calculate the remainder when q is divided by z.
49
Suppose 7*p - 2*p - 20 = -5*y, 2*y - 2*p - 28 = 0. Let h(t) = 28*t - 244. What is the remainder when 33 + 1 + 0 + -1 is divided by h(y)?
1
Suppose 5*p = 3*b - 387, -18*p + 6 = -16*p. Let r = 205 - b. What is the remainder when 213 is divided by r?
0
Let a(f) = -f + 8. Let k = -10 - -12. Let d be a(k). Suppose -d*v + 123 = -63. Calculate the remainder when v is divided by 17.
14
Let j(c) = 14*c. Suppose 3*x = 2*g - 5, -4*x + 7*x - 9 = 0. Suppose 4*k + 108 = 26*i - 24*i, 0 = 3*i + k - 148. What is the remainder when j(g) is divided by i?
48
Suppose 6*t = 12*t - 2070. Let s = t - 163. Suppose -s - 57 = -4*j + 3*l, -2*l + 6 = 0. What is the remainder when j is divided by 22?
18
Let w be (-13)/13 + (36*-5 - 1). Let r = 236 + w. What is the remainder when r is divided by 14?
12
Let o = 18 - 6. Let u(q) = q**2 - 13*q + 16. Let w be u(o). Suppose -22 = w*j - 102. Calculate the remainder when j is divided by 11.
9
Suppose -p + 263 = 5*h + 174, 4*h + 125 = p. What is the remainder when p is divided by 75?
34
Let u = -2148 + 2290. What is the remainder when u is divided by 12?
10
Let m(t) = t**2 + 123*t + 3255. Calculate the remainder when 488 is divided by m(-85).
13
Let q = 44 - 40. Let k be 0/(3 - q) + 66. Suppose 4*m - 78 = 3*o - 5*o, k = 4*m - 2*o. Calculate the remainder when m is divided by 11.
7
Let u = 0 + -4. Calculate the remainder when 66 - 6/18*-9 is divided by (26/u + 3)*-10.
34
Suppose -156 = 3*s + 3*s. Let n = s + 40. Suppose 332 - 57 = 5*a + k, 2*k = 2*a - 110. What is the remainder when a is divided by n?
13
Suppose 0 = 69*z - 73*z - 40. Let b(m) = -2*m**3 - 20*m**2 - 3*m - 15. Calculate the remainder when b(z) is divided by 4.
3
Suppose 55*c + 3810 = 56*c + 2*m, -m = 4*c - 15275. Calculate the remainder when c is divided by 43.
36
Suppose 85 = 5*d - 45. What is the remainder when (-4)/(-6) - 54156/(-36) is divided by d?
23
Let v be (3/2 - 1)/((-10)/(-100)). Let y(r) = -r**2 + 11*r